+ 6*x - x - 4. Determine z(l).
8
Suppose 4*c - 2 = -u, 5*u = -4*c + u - 4. Let j be 5 - 3/(c - -2). Let a(y) = j*y + 0*y + 2 - y. Calculate a(-4).
-10
Let x(u) = -u**2 - u. Let q(s) = -s**3 + 4*s**2 - 4*s + 6. Let n(m) = -q(m) + x(m). Determine n(5).
9
Let w = 81 - 84. Let t(o) be the third derivative of o**5/60 + 5*o**4/24 + o**3/2 + o**2. What is t(w)?
-3
Let s(w) = w**2 - w - 1. Let c(g) = -g**3 - 2*g**2 - 6*g - 3. Let a(z) = -c(z) + 2*s(z). Let x = 2 + -1. Suppose 0 = -2*r - 5 - x. Determine a(r).
-2
Suppose -11 + 3 = t + 2*h, 3*t = h - 10. Let k(b) be the second derivative of -1/12*b**4 + 0 - b**3 - 4*b - 3/2*b**2. Give k(t).
5
Let g = -12 + 16. Let r(z) = -2*z + 0*z - g + 3*z. What is r(3)?
-1
Let t(y) = -y**2 + 9*y - 15. Let n be t(8). Let r(u) = -u**2 - 6*u + 3. Calculate r(n).
-4
Let o(d) = -28 - 18 + d**2 + 2*d + 47 + 8*d**3. Calculate o(-1).
-8
Suppose 3*d - 5 = 4*v, -4*v = -3*d + 5*d + 10. Let t(q) = -q. What is t(v)?
2
Suppose 4*v + 5*a - 5 = 0, -a + 17 = v - 5*a. Let h(i) = 3*i - 11*i - 4 + v*i. Calculate h(3).
-13
Suppose -6*h = -10*h. Let a(k) be the third derivative of -2*k**2 + h + 1/6*k**4 + 1/60*k**5 + 0*k - 1/6*k**3. Determine a(-5).
4
Let h(k) = -5*k**2 + 6*k + 35. Let l(p) = -p**2 + p + 7. Let z(j) = 2*h(j) - 11*l(j). Determine z(0).
-7
Let q(m) = -m**3 + m**2 + 2*m. Let l be q(2). Suppose l = -3*b + 1 + 2. Suppose 3*n + 2*n + b = 3*o, 3*o + n = -11. Let t(p) = p**2 + 2*p - 2. Calculate t(o).
1
Suppose 0 = -2*w - 2*c, 0 = -6*w + 2*w + c + 5. Let f(h) be the third derivative of -3*h**5/20 + h**4/12 - h**3/6 - h**2. Give f(w).
-8
Suppose 4*x - 3*x = -1, -v = -4*x. Let g = -6 + 10. Let z(k) = -2 + k**2 + g*k - 1 + 8. Determine z(v).
5
Let m(q) = q**2 + q. Let t(n) = 6*n**2 + 5*n**2 - 1 + 2*n + 2. Let v(s) = -m(s) + t(s). Determine v(-1).
10
Let u(z) = -z - 3. Let n = -19 - -20. Suppose 0 = s - 2*b - 8, -4*s + 3*b - 9 = -31. Suppose -s = c - n. What is u(c)?
0
Let f(c) be the first derivative of 2 - 1/8*c**4 + 5/6*c**3 - 3/2*c**2 + 0*c. Let u(x) be the second derivative of f(x). Determine u(4).
-7
Let y(j) = -j**2 + 6*j - 3. Let b(x) = -x**3 - 3*x**2 - 1. Let o be b(-3). Let m be -6*o/3*1. What is y(m)?
5
Let v be (-10)/(-8) + 2/(-8). Let d be 0*((-1)/2)/v. Let c(f) = 6*f. Let h(j) = j. Let z(x) = -c(x) + 5*h(x). Calculate z(d).
0
Suppose 4*i + 3 = 5*i. Suppose 0 = i*a + 22 + 2. Let b = 14 + a. Let h(f) = f**2 - 8*f + 4. Give h(b).
-8
Let x(v) = 10*v - 3*v**3 - 10*v. Let m be x(1). Let j(y) = y**3 + 2*y**2 - y + 3. Determine j(m).
-3
Suppose -2 - 8 = -10*o. Let i(m) = m**2 - 2*m + 1. Determine i(o).
0
Let z(j) = -7*j - 1. Suppose -11 = k - 1. Let i = -11 - k. Calculate z(i).
6
Let u(v) = 3*v + 4. Suppose -5*f = -7 - 3. Let h(g) = -7*g - 9. Let t(c) = f*h(c) + 5*u(c). What is t(4)?
6
Let s be 105/30 - 1/2. Let p(f) = -2*f**3 + 5*f**2 - 3*f + 1. What is p(s)?
-17
Let y(v) = v + 3. Let f = 0 - 2. Calculate y(f).
1
Let x be -10*((-9)/5 - -1). Let k(l) = -4 - 4*l**2 - 3*l**2 + x*l**2 + 3*l. Let w(r) = r**2 + 4*r - 4. Let a be w(-4). Determine k(a).
0
Let q(m) = 3*m**3 + 92 - m - 92. Give q(-1).
-2
Let a(i) = -i. Let p(l) = l**3 - 2*l**2 - 3*l + 1. Let t be p(3). Let s be t*(-1 + 3 + 0). Calculate a(s).
-2
Let m(q) = 4*q**3 + 1. Suppose 5*g + 3*b + 2*b - 20 = 0, 2*g + 4*b = 10. Let n = -26 + 27. Suppose n = -2*u + g*u. Determine m(u).
5
Let g(s) be the third derivative of -s**6/120 + s**5/12 - s**4/4 + 5*s**3/6 - 3*s**2. Suppose -2*l + 0*l = 10. Let z be 2/2 - (l - -2). Give g(z).
-3
Suppose 0 = -10*j + 68 - 18. Let c(s) = -s**3 + 7*s**2 - 7*s. Give c(j).
15
Let a = 12 + -12. Let h(y) = 5*y + y**3 + a*y**2 - 8 - 4*y**2 + 2. What is h(4)?
14
Let h(o) = o**2 - 4*o + 3. Suppose -15 = -4*n + n. What is h(n)?
8
Suppose -p - 3*h = 3, -5*p + 39 = -2*h - h. Let d(t) = t**2 - 5*t - 4. What is d(p)?
2
Let n(t) = -4*t**3 - t**2 + t - 1. Let m(u) = u**3. Let x(i) = -3*m(i) - n(i). Let d be x(0). Let l(k) = -7*k. Determine l(d).
-7
Let t(z) = -4*z**2 + 6*z - 1. Let h(n) = -5*n**3 + 12*n**3 - 6*n**3 - n**2 - 1. Let a(i) = -h(i) - t(i). Give a(4).
-6
Let y(j) be the first derivative of j**3 - 2*j**2 + 3*j - 5. Let l be ((-6)/(-5))/(6/20). Suppose -26 = -3*v - 5*q, -4 = -0*v + l*v - 3*q. Determine y(v).
7
Let a(i) = -i**3 + 2*i**2 + i + 2. Let t = -11 - -9. Let b = 4 + t. Give a(b).
4
Suppose -8*x = -3*x - 15. Let o(a) = -a**3 + 3*a**2 + 2*a. Determine o(x).
6
Let q(s) = 10*s - 7*s**2 - 4 + s**3 - 2 - 3*s. Give q(6).
0
Let y = -21 + 21. Let b(w) = -w - 5. Determine b(y).
-5
Let v be -1 + (0 - (0 + 1)). Let g be (-1)/(-3)*(-4 - -10). Let w(k) = -3 + 3*k**g + 0 - 4*k - 4*k**2. Determine w(v).
1
Let k(b) = -5*b**2 + 4*b**3 - 2 - 5*b**3 + 0*b**3 - 3*b. What is k(-4)?
-6
Suppose 7 = 9*l - 2*l. Let p(j) = -14*j. Determine p(l).
-14
Let j(s) = -3*s + 0*s + 5*s + 1 + 9. Determine j(-7).
-4
Let r(l) be the third derivative of -l**6/120 - l**5/12 + l**4/12 - l**3 + 52*l**2. Determine r(-6).
18
Let o(w) = -5*w**3 - 4*w**2 + 2. Let a(v) = -4*v**3 - 3*v**2 + 2. Let i(p) = -4*a(p) + 3*o(p). Give i(-2).
-10
Let b(z) be the second derivative of z**5/60 - z**4/6 + z**3/6 - z. Let a(j) be the second derivative of b(j). Determine a(5).
6
Let d(r) = r**2 + 5*r + 2. Let b(z) = z**2 - 7*z + 5. Let l be b(5). Calculate d(l).
2
Let m be ((-5)/(-2))/(1/2). Let r = 4 - m. Let n(q) = 6*q**2 + 1. Calculate n(r).
7
Let x be (2 - 1)*1*-2. Let p(c) = 16*c - 6. Let u(i) = 5*i - 2. Let q(f) = x*p(f) + 7*u(f). Give q(2).
4
Let u(f) be the second derivative of -f**4/12 + f**3 + 5*f**2 - 4*f. Let x be u(7). Let k(y) = -2*y**2 + 3*y - 4. Give k(x).
-13
Let g(m) = 2*m + 1. Suppose 0 = -i + 6*i - 5. Give g(i).
3
Let b(c) = 11*c + 19. Let v(d) = 5*d + 9. Let m(u) = 6*b(u) - 13*v(u). What is m(6)?
3
Suppose -3*c + 5*z + 16 = 0, -z + 5 = 4*c - 1. Suppose -q + c*g + g = -14, 14 = 5*q - g. Let d(f) = f**3 - q - 9*f - f + 4*f + 3*f**2. Give d(-4).
6
Let q(a) be the first derivative of a**4/2 + a**2/2 - a + 16. Calculate q(1).
2
Let i(o) = -2 - 3*o + 210*o**3 + 2*o**2 + 2*o - 209*o**3. What is i(-2)?
0
Suppose -2*i = -5*t - 18, 4*t - 7 - 5 = -5*i. Let n be t - ((2 - 1) + 0). Let p(o) = -4*o - o + 2*o + 4*o - 4. What is p(n)?
-7
Let x be ((-2)/8)/(6/(-24)). Let z(o) = o**3 + o**2. Determine z(x).
2
Let g(f) = -f. Let l(w) = -6*w - 3. Let b(t) = g(t) - l(t). Let h(d) = -2*d + 4. Suppose -3*v - v + 12 = 0. Let o be h(v). Determine b(o).
-7
Let t(d) = d**2 + d - 5. Let w be t(0). Let p(l) = -l**2 - 3*l + 4. What is p(w)?
-6
Let a(l) be the second derivative of l + 0 - 1/6*l**3 + 3/2*l**2. Let b be (3/3*0)/1. Determine a(b).
3
Let n(k) = 5*k**2 + 4*k + 3. Suppose 2*i - 4*i - 4 = 0. Give n(i).
15
Let b(z) = 22*z**2 - 21*z**2 + 3*z**3 - 2*z**3. Determine b(-2).
-4
Let y be 4/18 + (-4)/((-72)/86). Let x(b) be the third derivative of b**2 + 1/120*b**6 + 1/60*b**y + 0*b + 1/2*b**3 + 0 - 1/6*b**4. Give x(2).
7
Let d be (-9)/(-12) + 7/(-4). Let h(q) = 7*q**2 + 3*q - 2. Suppose 3*p - 6 = 6*p. Let z(m) = -m + 1. Let u(c) = d*h(c) + p*z(c). Calculate u(1).
-8
Let m(l) be the first derivative of l**2/2 - 4*l - 8. Calculate m(5).
1
Let z(w) = -1 + 1 - 2*w - 2*w - 7 + w**2. What is z(5)?
-2
Let v(k) = -k**3 - k**2 + 5*k + 1. Let f(p) = p. Let j(s) = -4*f(s) + v(s). Let q(t) = -t - 7. Let b be q(-5). Give j(b).
3
Let m be 0/(6*2/3). Let i(s) be the third derivative of 1/8*s**4 + m*s + 0 - 1/6*s**3 - 2*s**2. Calculate i(3).
8
Let b(l) = -456 + l**2 - 2*l + 458 - 2*l. Let s be (-2)/(-6) + (-33)/(-9). What is b(s)?
2
Let h = 11 + -35. Let k be (-16)/h + 14/6. Let a(i) = i**k + 5*i**2 - 4*i**2 + 5*i**3. Determine a(1).
7
Suppose 0 = -18*q + 15*q - 24. Let l(m) = -m**3 - 9*m**2 - 7*m + 1. Determine l(q).
-7
Let r(j) = -14*j**3 + 23*j**2 - 4*j + 6. Suppose 3*s = -9 - 3. Let t(q) = -5*q**3 + 8*q**2 - q + 2. Let m(w) = s*r(w) + 11*t(w). What is m(3)?
4
Let k(i) = -i**3 - 5*i**2 + 7*i + 5. Let c(o) = -o**3 + 6*o**2 + 7*o - 6. Let n be c(7). What is k(n)?
-1
Suppose 24 = -6*v + 9*v. Let j(s) = -s**2 + 8*s + 4. Determine j(v).
4
Let f(w) = -w**3 - 10*w**2 - 9*w + 6. Let a be ((-5)/15)/((-4)/(-108)). Determine f(a).
6
Let v = 3 + -3. Let s(p) = -2*p + 1 + 5*p - 2*p - 2. Calculate s(v).
-1
Let p be (-1)/(((-21)/15)/(-7)). Let r(n) be the third derivative of n**5/60 + n**4/4 + n**3/3 + n**2. Calculate r(p).
-3
Let z(s)